{"id":22,"date":"2017-02-17T23:00:49","date_gmt":"2017-02-17T23:00:49","guid":{"rendered":"http:\/\/miguelguerin.com.ar\/?page_id=22"},"modified":"2018-04-07T12:56:27","modified_gmt":"2018-04-07T12:56:27","slug":"curriculo","status":"publish","type":"page","link":"http:\/\/miguelguerin.com.ar\/?page_id=22","title":{"rendered":"Curr\u00edculo"},"content":{"rendered":"<p>&nbsp;<\/p>\n<p align=\"center\"><span style=\"font-weight: bold; text-decoration: underline;\"><br \/>\n<span style=\"font-size: 17pt; color: #791ad9; font-family: Tahoma;\">Curr\u00edculo<\/span><\/span><\/p>\n<p align=\"center\">\n<div align=\"center\">\n<table style=\"border-collapse: collapse;\" border=\"0\" width=\"77%\" cellpadding=\"0\">\n<tbody>\n<tr>\n<td align=\"center\"><a href=\"CV\/MGCurriculumSintetico240207.pdf\" target=\"_blank\"><br \/>\n<img loading=\"lazy\" decoding=\"async\" src=\"images\/bluedownarrow1w.gif\" width=\"45\" height=\"46\" border=\"0\" \/><span style=\"font-size: 20pt; color: #000000; font-family: Tahoma;\"><b><br \/>\n<\/b><\/span><\/a>Versi\u00f3n Sint\u00e9tica<\/td>\n<td align=\"center\"><a href=\"CV\/CV_2016.pdf\" target=\"_blank\"><br \/>\n<img loading=\"lazy\" decoding=\"async\" src=\"images\/bluedownarrow1w.gif\" width=\"45\" height=\"46\" border=\"0\" \/><span style=\"font-size: 20pt; color: #000000; font-family: Tahoma;\"><b><br \/>\n<\/b><\/span><\/a>Versi\u00f3n Anal\u00edtica<\/td>\n<\/tr>\n<\/tbody>\n<\/table>\n<\/div>\n<h2 style=\"text-align: center;\"><span style=\"color: #333399;\"><strong>\u00a0\u00a0<a style=\"color: #333399;\" href=\"http:\/\/miguelguerin.com.ar\/wp-content\/uploads\/2017\/02\/CONTACTO-1.pdf\">CONTACTO<\/a><\/strong><\/span><\/h2>\n","protected":false},"excerpt":{"rendered":"<p>&nbsp; Curr\u00edculo Versi\u00f3n Sint\u00e9tica Versi\u00f3n Anal\u00edtica \u00a0\u00a0CONTACTO<\/p>\n","protected":false},"author":1,"featured_media":0,"parent":0,"menu_order":0,"comment_status":"closed","ping_status":"closed","template":"","meta":{"footnotes":""},"class_list":["post-22","page","type-page","status-publish","hentry"],"_links":{"self":[{"href":"http:\/\/miguelguerin.com.ar\/index.php?rest_route=\/wp\/v2\/pages\/22","targetHints":{"allow":["GET"]}}],"collection":[{"href":"http:\/\/miguelguerin.com.ar\/index.php?rest_route=\/wp\/v2\/pages"}],"about":[{"href":"http:\/\/miguelguerin.com.ar\/index.php?rest_route=\/wp\/v2\/types\/page"}],"author":[{"embeddable":true,"href":"http:\/\/miguelguerin.com.ar\/index.php?rest_route=\/wp\/v2\/users\/1"}],"replies":[{"embeddable":true,"href":"http:\/\/miguelguerin.com.ar\/index.php?rest_route=%2Fwp%2Fv2%2Fcomments&post=22"}],"version-history":[{"count":9,"href":"http:\/\/miguelguerin.com.ar\/index.php?rest_route=\/wp\/v2\/pages\/22\/revisions"}],"predecessor-version":[{"id":126,"href":"http:\/\/miguelguerin.com.ar\/index.php?rest_route=\/wp\/v2\/pages\/22\/revisions\/126"}],"wp:attachment":[{"href":"http:\/\/miguelguerin.com.ar\/index.php?rest_route=%2Fwp%2Fv2%2Fmedia&parent=22"}],"curies":[{"name":"wp","href":"https:\/\/api.w.org\/{rel}","templated":true}]}}